{"id":440,"date":"2021-06-11T18:45:04","date_gmt":"2021-06-11T15:45:04","guid":{"rendered":"https:\/\/barcag.com\/online\/?post_type=product&#038;p=440"},"modified":"2025-12-06T15:40:43","modified_gmt":"2025-12-06T12:40:43","slug":"musteri-ve-yonetici-sms-bilgilendirme-servisi-yillik","status":"publish","type":"product","link":"https:\/\/barcag.com\/online\/urun\/musteri-ve-yonetici-sms-bilgilendirme-servisi-yillik\/","title":{"rendered":"M\u00fc\u015fteri ve Y\u00f6netici SMS Bilgilendirme Servisi (Y\u0131ll\u0131k)"},"content":{"rendered":"<p>WooCommerce alt yap\u0131l\u0131 sitenizin Otomatik SMS Bilgilendirme servisi<\/p>\n<p>Bu servise dahil olan \u00fccretler.<\/p>\n<ul>\n<li>Yeni \u00fcye oldu\u011funda y\u00f6netici bilgilendirmesi<\/li>\n<li>Yeni \u00fcye olan kullan\u0131c\u0131ya otomatik SMS bilgilendirmesi<\/li>\n<li>Yeni sipari\u015f geldi\u011finde y\u00f6netici bilgilendirmesi<\/li>\n<li>M\u00fc\u015fteri sipari\u015f tamamland\u0131\u011f\u0131nda bilgilendirmesi<\/li>\n<li>\u00dcr\u00fcn sipari\u015f durum de\u011fi\u015fikli\u011fi bilgilendirmesi<\/li>\n<li>Sipari\u015fe \u00f6zel not eklendi\u011finde m\u00fc\u015fteri bilgilendirilmesi<\/li>\n<li>\u0130ptal edilen sipari\u015f y\u00f6netici bilgilendirmesi<\/li>\n<li>\u00dcr\u00fcn stok geldi\u011finde m\u00fc\u015fteriye bilgilendirme(sistemde favori \u00fcr\u00fcnler aktif olmas\u0131 gerekmektedir)<\/li>\n<\/ul>\n<p>NOT: SMS G\u00d6NDER\u0130C\u0130 (BARCAG) OLARAK G\u00d6R\u00dcNECEKT\u0130R.<\/p>\n","protected":false},"excerpt":{"rendered":"<p>WooCommerce alt yap\u0131l\u0131 sitenizin Otomatik SMS Bilgilendirme servisi Bu servise dahil olan \u00fccretler. Yeni \u00fcye oldu\u011funda y\u00f6netici bilgilendirmesi Yeni \u00fcye olan kullan\u0131c\u0131ya otomatik SMS bilgilendirmesi Yeni sipari\u015f geldi\u011finde y\u00f6netici bilgilendirmesi M\u00fc\u015fteri sipari\u015f tamamland\u0131\u011f\u0131nda bilgilendirmesi \u00dcr\u00fcn sipari\u015f durum de\u011fi\u015fikli\u011fi bilgilendirmesi Sipari\u015fe \u00f6zel not eklendi\u011finde m\u00fc\u015fteri bilgilendirilmesi \u0130ptal edilen sipari\u015f y\u00f6netici bilgilendirmesi \u00dcr\u00fcn stok geldi\u011finde m\u00fc\u015fteriye bilgilendirme(sistemde [&#8230;]\n","protected":false},"featured_media":441,"template":"","meta":{"inline_featured_image":false,"_joinchat":[]},"product_brand":[],"product_cat":[18,44],"product_tag":[],"class_list":{"0":"post-440","1":"product","2":"type-product","3":"status-publish","4":"has-post-thumbnail","6":"product_cat-hizmet","7":"product_cat-woocommerce","9":"first","10":"instock","11":"taxable","12":"shipping-taxable","13":"product-type-external"},"yoast_head":"<!-- This site is optimized with the Yoast SEO plugin v26.7 - https:\/\/yoast.com\/wordpress\/plugins\/seo\/ -->\n<title>M\u00fc\u015fteri ve Y\u00f6netici SMS Bilgilendirme Servisi (Y\u0131ll\u0131k) - Bar\u00e7a\u011f Yaz\u0131l\u0131m<\/title>\n<meta name=\"description\" content=\"WooCommerce alt yap\u0131l\u0131 sitenizin Otomatik SMS Bilgilendirme servisi Bu servise dahil olan \u00fccretler. Yeni \u00fcye oldu\u011funda y\u00f6netici bilgilendirmesi Yeni \u00fcye\" \/>\n<meta name=\"robots\" content=\"index, follow, max-snippet:-1, max-image-preview:large, max-video-preview:-1\" \/>\n<link rel=\"canonical\" href=\"https:\/\/barcag.com\/online\/urun\/musteri-ve-yonetici-sms-bilgilendirme-servisi-yillik\/\" \/>\n<meta property=\"og:locale\" content=\"tr_TR\" \/>\n<meta property=\"og:type\" content=\"article\" \/>\n<meta property=\"og:title\" content=\"M\u00fc\u015fteri ve Y\u00f6netici SMS Bilgilendirme Servisi (Y\u0131ll\u0131k) - Bar\u00e7a\u011f Yaz\u0131l\u0131m\" \/>\n<meta property=\"og:description\" content=\"WooCommerce alt yap\u0131l\u0131 sitenizin Otomatik SMS Bilgilendirme servisi Bu servise dahil olan \u00fccretler. Yeni \u00fcye oldu\u011funda y\u00f6netici bilgilendirmesi Yeni \u00fcye\" \/>\n<meta property=\"og:url\" content=\"https:\/\/barcag.com\/online\/urun\/musteri-ve-yonetici-sms-bilgilendirme-servisi-yillik\/\" \/>\n<meta property=\"og:site_name\" content=\"Bar\u00e7a\u011f Yaz\u0131l\u0131m\" \/>\n<meta property=\"article:modified_time\" content=\"2025-12-06T12:40:43+00:00\" \/>\n<meta property=\"og:image\" content=\"https:\/\/barcag.com\/online\/wp-content\/uploads\/2021\/06\/Adsiz-tasarim-5.jpg\" \/>\n\t<meta property=\"og:image:width\" content=\"1366\" \/>\n\t<meta property=\"og:image:height\" content=\"768\" \/>\n\t<meta property=\"og:image:type\" content=\"image\/jpeg\" \/>\n<meta name=\"twitter:card\" content=\"summary_large_image\" \/>\n<script type=\"application\/ld+json\" class=\"yoast-schema-graph\">{\"@context\":\"https:\/\/schema.org\",\"@graph\":[{\"@type\":\"WebPage\",\"@id\":\"https:\/\/barcag.com\/online\/urun\/musteri-ve-yonetici-sms-bilgilendirme-servisi-yillik\/\",\"url\":\"https:\/\/barcag.com\/online\/urun\/musteri-ve-yonetici-sms-bilgilendirme-servisi-yillik\/\",\"name\":\"M\u00fc\u015fteri ve Y\u00f6netici SMS Bilgilendirme Servisi (Y\u0131ll\u0131k) - Bar\u00e7a\u011f Yaz\u0131l\u0131m\",\"isPartOf\":{\"@id\":\"https:\/\/barcag.com\/online\/#website\"},\"primaryImageOfPage\":{\"@id\":\"https:\/\/barcag.com\/online\/urun\/musteri-ve-yonetici-sms-bilgilendirme-servisi-yillik\/#primaryimage\"},\"image\":{\"@id\":\"https:\/\/barcag.com\/online\/urun\/musteri-ve-yonetici-sms-bilgilendirme-servisi-yillik\/#primaryimage\"},\"thumbnailUrl\":\"https:\/\/barcag.com\/online\/wp-content\/uploads\/2021\/06\/Adsiz-tasarim-5.jpg\",\"datePublished\":\"2021-06-11T15:45:04+00:00\",\"dateModified\":\"2025-12-06T12:40:43+00:00\",\"description\":\"WooCommerce alt yap\u0131l\u0131 sitenizin Otomatik SMS Bilgilendirme servisi Bu servise dahil olan \u00fccretler. Yeni \u00fcye oldu\u011funda y\u00f6netici bilgilendirmesi Yeni \u00fcye\",\"breadcrumb\":{\"@id\":\"https:\/\/barcag.com\/online\/urun\/musteri-ve-yonetici-sms-bilgilendirme-servisi-yillik\/#breadcrumb\"},\"inLanguage\":\"tr\",\"potentialAction\":[{\"@type\":\"ReadAction\",\"target\":[\"https:\/\/barcag.com\/online\/urun\/musteri-ve-yonetici-sms-bilgilendirme-servisi-yillik\/\"]}]},{\"@type\":\"ImageObject\",\"inLanguage\":\"tr\",\"@id\":\"https:\/\/barcag.com\/online\/urun\/musteri-ve-yonetici-sms-bilgilendirme-servisi-yillik\/#primaryimage\",\"url\":\"https:\/\/barcag.com\/online\/wp-content\/uploads\/2021\/06\/Adsiz-tasarim-5.jpg\",\"contentUrl\":\"https:\/\/barcag.com\/online\/wp-content\/uploads\/2021\/06\/Adsiz-tasarim-5.jpg\",\"width\":1366,\"height\":768,\"caption\":\"M\u00fc\u015fteri ve Y\u00f6netici SMS Bilgilendirme Servisi (Y\u0131ll\u0131k)\"},{\"@type\":\"BreadcrumbList\",\"@id\":\"https:\/\/barcag.com\/online\/urun\/musteri-ve-yonetici-sms-bilgilendirme-servisi-yillik\/#breadcrumb\",\"itemListElement\":[{\"@type\":\"ListItem\",\"position\":1,\"name\":\"Anasayfa\",\"item\":\"https:\/\/barcag.com\/online\/\"},{\"@type\":\"ListItem\",\"position\":2,\"name\":\"Hizmetler\",\"item\":\"https:\/\/barcag.com\/online\/magaza\/\"},{\"@type\":\"ListItem\",\"position\":3,\"name\":\"\u00d6zel \u00c7\u00f6z\u00fcmler\",\"item\":\"https:\/\/barcag.com\/online\/urun-kategori\/hizmet\/\"},{\"@type\":\"ListItem\",\"position\":4,\"name\":\"M\u00fc\u015fteri ve Y\u00f6netici SMS Bilgilendirme Servisi (Y\u0131ll\u0131k)\"}]},{\"@type\":\"WebSite\",\"@id\":\"https:\/\/barcag.com\/online\/#website\",\"url\":\"https:\/\/barcag.com\/online\/\",\"name\":\"Bar\u00e7a\u011f Yaz\u0131l\u0131m\",\"description\":\"Online\",\"publisher\":{\"@id\":\"https:\/\/barcag.com\/online\/#organization\"},\"potentialAction\":[{\"@type\":\"SearchAction\",\"target\":{\"@type\":\"EntryPoint\",\"urlTemplate\":\"https:\/\/barcag.com\/online\/?s={search_term_string}\"},\"query-input\":{\"@type\":\"PropertyValueSpecification\",\"valueRequired\":true,\"valueName\":\"search_term_string\"}}],\"inLanguage\":\"tr\"},{\"@type\":\"Organization\",\"@id\":\"https:\/\/barcag.com\/online\/#organization\",\"name\":\"Bar\u00e7a\u011f Yaz\u0131l\u0131m\",\"url\":\"https:\/\/barcag.com\/online\/\",\"logo\":{\"@type\":\"ImageObject\",\"inLanguage\":\"tr\",\"@id\":\"https:\/\/barcag.com\/online\/#\/schema\/logo\/image\/\",\"url\":\"https:\/\/barcag.com\/online\/wp-content\/uploads\/2022\/03\/yenilogorenkli.svg\",\"contentUrl\":\"https:\/\/barcag.com\/online\/wp-content\/uploads\/2022\/03\/yenilogorenkli.svg\",\"width\":1,\"height\":1,\"caption\":\"Bar\u00e7a\u011f Yaz\u0131l\u0131m\"},\"image\":{\"@id\":\"https:\/\/barcag.com\/online\/#\/schema\/logo\/image\/\"}}]}<\/script>\n<!-- \/ Yoast SEO plugin. -->","yoast_head_json":{"title":"M\u00fc\u015fteri ve Y\u00f6netici SMS Bilgilendirme Servisi (Y\u0131ll\u0131k) - Bar\u00e7a\u011f Yaz\u0131l\u0131m","description":"WooCommerce alt yap\u0131l\u0131 sitenizin Otomatik SMS Bilgilendirme servisi Bu servise dahil olan \u00fccretler. Yeni \u00fcye oldu\u011funda y\u00f6netici bilgilendirmesi Yeni \u00fcye","robots":{"index":"index","follow":"follow","max-snippet":"max-snippet:-1","max-image-preview":"max-image-preview:large","max-video-preview":"max-video-preview:-1"},"canonical":"https:\/\/barcag.com\/online\/urun\/musteri-ve-yonetici-sms-bilgilendirme-servisi-yillik\/","og_locale":"tr_TR","og_type":"article","og_title":"M\u00fc\u015fteri ve Y\u00f6netici SMS Bilgilendirme Servisi (Y\u0131ll\u0131k) - Bar\u00e7a\u011f Yaz\u0131l\u0131m","og_description":"WooCommerce alt yap\u0131l\u0131 sitenizin Otomatik SMS Bilgilendirme servisi Bu servise dahil olan \u00fccretler. Yeni \u00fcye oldu\u011funda y\u00f6netici bilgilendirmesi Yeni \u00fcye","og_url":"https:\/\/barcag.com\/online\/urun\/musteri-ve-yonetici-sms-bilgilendirme-servisi-yillik\/","og_site_name":"Bar\u00e7a\u011f Yaz\u0131l\u0131m","article_modified_time":"2025-12-06T12:40:43+00:00","og_image":[{"width":1366,"height":768,"url":"https:\/\/barcag.com\/online\/wp-content\/uploads\/2021\/06\/Adsiz-tasarim-5.jpg","type":"image\/jpeg"}],"twitter_card":"summary_large_image","schema":{"@context":"https:\/\/schema.org","@graph":[{"@type":"WebPage","@id":"https:\/\/barcag.com\/online\/urun\/musteri-ve-yonetici-sms-bilgilendirme-servisi-yillik\/","url":"https:\/\/barcag.com\/online\/urun\/musteri-ve-yonetici-sms-bilgilendirme-servisi-yillik\/","name":"M\u00fc\u015fteri ve Y\u00f6netici SMS Bilgilendirme Servisi (Y\u0131ll\u0131k) - Bar\u00e7a\u011f Yaz\u0131l\u0131m","isPartOf":{"@id":"https:\/\/barcag.com\/online\/#website"},"primaryImageOfPage":{"@id":"https:\/\/barcag.com\/online\/urun\/musteri-ve-yonetici-sms-bilgilendirme-servisi-yillik\/#primaryimage"},"image":{"@id":"https:\/\/barcag.com\/online\/urun\/musteri-ve-yonetici-sms-bilgilendirme-servisi-yillik\/#primaryimage"},"thumbnailUrl":"https:\/\/barcag.com\/online\/wp-content\/uploads\/2021\/06\/Adsiz-tasarim-5.jpg","datePublished":"2021-06-11T15:45:04+00:00","dateModified":"2025-12-06T12:40:43+00:00","description":"WooCommerce alt yap\u0131l\u0131 sitenizin Otomatik SMS Bilgilendirme servisi Bu servise dahil olan \u00fccretler. Yeni \u00fcye oldu\u011funda y\u00f6netici bilgilendirmesi Yeni \u00fcye","breadcrumb":{"@id":"https:\/\/barcag.com\/online\/urun\/musteri-ve-yonetici-sms-bilgilendirme-servisi-yillik\/#breadcrumb"},"inLanguage":"tr","potentialAction":[{"@type":"ReadAction","target":["https:\/\/barcag.com\/online\/urun\/musteri-ve-yonetici-sms-bilgilendirme-servisi-yillik\/"]}]},{"@type":"ImageObject","inLanguage":"tr","@id":"https:\/\/barcag.com\/online\/urun\/musteri-ve-yonetici-sms-bilgilendirme-servisi-yillik\/#primaryimage","url":"https:\/\/barcag.com\/online\/wp-content\/uploads\/2021\/06\/Adsiz-tasarim-5.jpg","contentUrl":"https:\/\/barcag.com\/online\/wp-content\/uploads\/2021\/06\/Adsiz-tasarim-5.jpg","width":1366,"height":768,"caption":"M\u00fc\u015fteri ve Y\u00f6netici SMS Bilgilendirme Servisi (Y\u0131ll\u0131k)"},{"@type":"BreadcrumbList","@id":"https:\/\/barcag.com\/online\/urun\/musteri-ve-yonetici-sms-bilgilendirme-servisi-yillik\/#breadcrumb","itemListElement":[{"@type":"ListItem","position":1,"name":"Anasayfa","item":"https:\/\/barcag.com\/online\/"},{"@type":"ListItem","position":2,"name":"Hizmetler","item":"https:\/\/barcag.com\/online\/magaza\/"},{"@type":"ListItem","position":3,"name":"\u00d6zel \u00c7\u00f6z\u00fcmler","item":"https:\/\/barcag.com\/online\/urun-kategori\/hizmet\/"},{"@type":"ListItem","position":4,"name":"M\u00fc\u015fteri ve Y\u00f6netici SMS Bilgilendirme Servisi (Y\u0131ll\u0131k)"}]},{"@type":"WebSite","@id":"https:\/\/barcag.com\/online\/#website","url":"https:\/\/barcag.com\/online\/","name":"Bar\u00e7a\u011f Yaz\u0131l\u0131m","description":"Online","publisher":{"@id":"https:\/\/barcag.com\/online\/#organization"},"potentialAction":[{"@type":"SearchAction","target":{"@type":"EntryPoint","urlTemplate":"https:\/\/barcag.com\/online\/?s={search_term_string}"},"query-input":{"@type":"PropertyValueSpecification","valueRequired":true,"valueName":"search_term_string"}}],"inLanguage":"tr"},{"@type":"Organization","@id":"https:\/\/barcag.com\/online\/#organization","name":"Bar\u00e7a\u011f Yaz\u0131l\u0131m","url":"https:\/\/barcag.com\/online\/","logo":{"@type":"ImageObject","inLanguage":"tr","@id":"https:\/\/barcag.com\/online\/#\/schema\/logo\/image\/","url":"https:\/\/barcag.com\/online\/wp-content\/uploads\/2022\/03\/yenilogorenkli.svg","contentUrl":"https:\/\/barcag.com\/online\/wp-content\/uploads\/2022\/03\/yenilogorenkli.svg","width":1,"height":1,"caption":"Bar\u00e7a\u011f Yaz\u0131l\u0131m"},"image":{"@id":"https:\/\/barcag.com\/online\/#\/schema\/logo\/image\/"}}]}},"_links":{"self":[{"href":"https:\/\/barcag.com\/online\/wp-json\/wp\/v2\/product\/440","targetHints":{"allow":["GET"]}}],"collection":[{"href":"https:\/\/barcag.com\/online\/wp-json\/wp\/v2\/product"}],"about":[{"href":"https:\/\/barcag.com\/online\/wp-json\/wp\/v2\/types\/product"}],"wp:featuredmedia":[{"embeddable":true,"href":"https:\/\/barcag.com\/online\/wp-json\/wp\/v2\/media\/441"}],"wp:attachment":[{"href":"https:\/\/barcag.com\/online\/wp-json\/wp\/v2\/media?parent=440"}],"wp:term":[{"taxonomy":"product_brand","embeddable":true,"href":"https:\/\/barcag.com\/online\/wp-json\/wp\/v2\/product_brand?post=440"},{"taxonomy":"product_cat","embeddable":true,"href":"https:\/\/barcag.com\/online\/wp-json\/wp\/v2\/product_cat?post=440"},{"taxonomy":"product_tag","embeddable":true,"href":"https:\/\/barcag.com\/online\/wp-json\/wp\/v2\/product_tag?post=440"}],"curies":[{"name":"wp","href":"https:\/\/api.w.org\/{rel}","templated":true}]}}